 + z(a). Let j be f(2). Suppose 2*n + 4*d + j*d - 150 = 0, 245 = 3*n - 4*d. What are the prime factors of n?
79
Suppose -2*l = -3*y - 0*l - 269, -4*y = -3*l + 357. Let t = 113 + -164. Let m = t - y. List the prime factors of m.
2, 3, 7
Let i(v) = -177*v + 693. List the prime factors of i(-17).
2, 3, 617
Let a(z) = z**3 - 6*z**2 - 8*z + 9. Let o be a(7). Suppose 6*b = -31 + 1015. Suppose -2*w + b = o*w. List the prime factors of w.
41
Let n(t) = 34*t**2 + 20*t - 1129. What are the prime factors of n(22)?
15767
Suppose -4*r + 2*r - 5*n = -1419, 0 = 4*r + 5*n - 2853. Let z = -271 + r. What are the prime factors of z?
2, 223
Suppose 0 = -5*y - 10 + 10. Suppose 5*a = -3*w + 6*a + 8, 4*w - a - 10 = y. Suppose -w*i + 38 = f + 4*f, -12 = -3*i. List the prime factors of f.
2, 3
Let j(z) = z**3 + 13*z**2 - 27. Let o be -6*5/225 + 133/(-15). What are the prime factors of j(o)?
3, 11
Suppose 10*a = 14*a - 7592. Suppose -a = -10*x + 622. List the prime factors of x.
2, 3, 7
Suppose -5*r = v - 397, r = -2*v + 52 + 31. Suppose 5*k - 5*s + 38 = -82, -2*s = 2*k + 36. Let g = r + k. What are the prime factors of g?
2, 29
Suppose 23 = -7*h - 47. Let d(b) = b**2 + 13*b + 32. Let y be d(h). Suppose -2*t + 5*x + y = 0, -3*t + 2*x - 30 = -5*t. What are the prime factors of t?
11
Let n(d) = 10*d**3 - d - 3. Let h be n(2). Let g be 5/(2 + h/(-38)). Suppose -5*s + 163 = 2*i, 3*s - g - 41 = -3*i. What are the prime factors of i?
2, 37
Let i be -3 - 3/2*(-60)/18. Suppose 4*c = -a + 519, -2*a + 0*a + i*c = -1088. What are the prime factors of a?
7, 11
Let v(z) = -52*z**2 + 9*z - 7. Let a be v(2). Let k = a + 316. List the prime factors of k.
7, 17
Let m(d) = -167*d**3 + 7*d + 6. Suppose 4*t = 3*o - 5 - 0, -4*o + t - 2 = 0. What are the prime factors of m(o)?
2, 83
Suppose 4*f = 8*m - 29988, -4*m - f + 5*f + 14996 = 0. What are the prime factors of m?
2, 937
Suppose -k - 5*q = -17, 2*q + 52 = 3*k + 18. Suppose -5*c = -k*c + 896. What are the prime factors of c?
2
Let c(l) = l**2 + 24*l + 20. Let i be c(-23). Let z be (13 - 0/(-2)) + i/1. Let d = -5 + z. List the prime factors of d.
5
Let y(h) = -12*h**3 - 9*h**2 + 28*h - 7. Let u be y(2). Let t(n) = -24*n. Let z be t(6). Let c = u - z. List the prime factors of c.
61
Let l(u) = -u**3 + 14*u**2 - 15*u + 30. Suppose -d = -2*b, 0 = b - 5*b - 3*d - 10. Let c(r) = 13*r**2. Let m be c(b). List the prime factors of l(m).
2
Let s = -30 + -20. Let a = 44 + s. What are the prime factors of 28/42 - 338/a?
3, 19
Suppose -4*j - 5*k - 84 = -29, -2*j = 5*k + 25. Let l(y) = -y**2 - 17*y - 27. Let f be l(j). What are the prime factors of 75/4 + f/(-4)?
2, 3
Suppose -h = 3*f - 51025, -68055 = -4*f + 28*h - 25*h. What are the prime factors of f?
2, 3, 5, 7
Let f(b) = -b**2 - 4*b + 25. Let w be f(-7). List the prime factors of 3190/w + ((-136)/16 - -10).
17, 47
Suppose 0 = 49*v - 145235 - 21610. What are the prime factors of v?
3, 5, 227
List the prime factors of 9692 + 276/483*1*14.
2, 5, 97
Let x be 1 + (4/6)/((-1)/(-9)). Suppose 34 = x*v - 64. List the prime factors of v.
2, 7
Suppose 12*i - 11*i - 104 = 0. Suppose 7*n - 36 = i. Suppose -3*j - 4*k = -n, k + 32 = 2*j - k. What are the prime factors of j?
2, 3
Let n be -2 - 29 - (-5)/(1 + 4). What are the prime factors of 48/n*335/(-2)?
2, 67
Suppose 10421 = 2*d + o, 64*d + 5*o + 26030 = 69*d. List the prime factors of d.
5209
Let f be (-65)/26*(-172)/(-2). Let q = f - -229. What are the prime factors of q?
2, 7
Suppose f = 582*g - 584*g + 3859, -3*f + 5*g = -11621. What are the prime factors of f?
3, 1289
Suppose 94 = -5*u - p, -u - 4*p - p = 38. Let a = u + 20. Suppose -4*h + c = -152, 3*c = a*h + 2*c - 74. List the prime factors of h.
3, 13
Let n(h) = h**3 + 5*h**2 + 7*h + 3. Let d be n(-3). Suppose -4*p - p + 40 = d. What are the prime factors of (-12)/p + 99/2?
2, 3
Suppose d - 1 = 19. Let l = -6817 + 6804. Let q = d - l. List the prime factors of q.
3, 11
Suppose 2948 = 48*i - 748. List the prime factors of 11095/i + 5/(-55).
2, 3
Suppose 0 = 101*b - 566482 - 29317. List the prime factors of b.
17, 347
Let j = -39 + 42. Suppose 0 = -2*h + 4*c + 44, -j*h - 53 = -5*h - 5*c. What are the prime factors of h?
2, 3
Let d be (-32)/(-72)*(1 + 8). Suppose 0 = t + 5*k - 25, 3*k - 33 = -d*t + 16. List the prime factors of t.
2, 5
Let l be (-209)/(-55) + (-1)/(-5). Suppose l*d + 2*x = 7*x + 99, -x - 119 = -4*d. List the prime factors of d.
31
Suppose -y - 2*v + 1 = 0, 3 = -3*y + 2*v - 10. Let d(b) = -80*b - 37. What are the prime factors of d(y)?
7, 29
What are the prime factors of 4/5 + 2542618/(-114)*(-6)/10?
3, 1487
Let u(k) be the third derivative of -2/15*k**5 + 2*k**3 + 0*k + 0 - 19*k**2 + 1/120*k**6 + 0*k**4. What are the prime factors of u(9)?
3, 31
Suppose 0 = 7*k - 212197 - 5314. What are the prime factors of k?
7, 23, 193
Let l(w) = 5*w**2 + 3*w - 7. Let k = -21 - -25. Suppose k*d = 3*d + 3. What are the prime factors of l(d)?
47
Let v = -229 + 44. Let w = -41 - v. List the prime factors of w.
2, 3
Suppose 2*a - 2 = -2*w, -5*a = -0*a - 4*w - 14. Let o be (58 - a) + -2*6/4. Let u = o - -6. List the prime factors of u.
59
Suppose q - 17 = 3*h, 0*h + 11 = -h + 3*q. Let j be h*1*186/10. What are the prime factors of (1 - 2)*(-6 + j)?
3, 11
List the prime factors of -3 + 1 + 1*-1835*(-59)/5.
3, 7, 1031
Suppose -41 = -6*n + 19. Let p = 192 - 232. List the prime factors of (-2)/(p/4) - (-288)/n.
29
Suppose 3*c - 8*c = -5*r - 5, 0 = 3*r + 4*c + 17. Let a be 5 + (-5)/(-2 + r). Let o(v) = v - 4. What are the prime factors of o(a)?
2
Let s = 1037 + 2129. List the prime factors of s.
2, 1583
Let p = 305 - 16. Suppose -p = -4*q + 91. Suppose -5*g + 2*d = -2*d - 90, 5*g - 3*d = q. What are the prime factors of g?
2, 11
List the prime factors of 555786/44 - 33/22.
2, 3, 5, 421
Let g be 12*(2 - -23)*(-5)/5. What are the prime factors of (-110)/3*g/40?
5, 11
Let x = -241 + 661. Let h(s) = s**3 - 8*s**2 - 16*s - 14. Let q be h(13). Let o = q - x. List the prime factors of o.
7, 29
Let t(b) = 189*b**3 - 7*b**2 + 26*b - 41. What are the prime factors of t(3)?
5077
Let i be (-972)/8*3*-2. Suppose -3*c - i = -4212. What are the prime factors of c?
3, 43
Suppose w - 373 = -4*o, 0 = -0*w - w - 2*o + 379. Suppose -57*k = -46*k - 110. Suppose k*b + b - w = 0. What are the prime factors of b?
5, 7
Suppose 8*k - 30 = 13*k. Let o be (1 + 1/(-2))/(k/(-12)). What are the prime factors of 308/4 + 1 + o?
79
Let a(q) = -1903*q**2 + 8*q - 4. Let j be a(1). What are the prime factors of 6 - 4/(36/j)?
7, 31
Suppose -11*m - 594 = -13*m. Let w = -192 + m. Suppose -5*p + 880 + w = 0. What are the prime factors of p?
197
Let f(t) = -313*t - 554. Let u(i) = -157*i - 277. Let a(s) = 3*f(s) - 7*u(s). List the prime factors of a(7).
11, 127
Let b(z) = -4*z**3 - z. Let j be b(-2). Suppose -14*o + 10 = -18. Suppose -o*p + j = -0*p. List the prime factors of p.
17
Let c(j) = -j**2 - 5*j - 16. Let l be c(-11). Let u = 770 - l. What are the prime factors of u?
2, 3, 71
Suppose -38*u - 4816 = -24*u. Let l be -3 + 3 - (90 - 7). Let h = l - u. What are the prime factors of h?
3, 29
Suppose -2130616 + 9760862 = 221*m. What are the prime factors of m?
2, 61, 283
Let s = 43341 + 14259. What are the prime factors of s?
2, 3, 5
Suppose 693 = -11*q - 495. Let u = q + 205. What are the prime factors of u?
97
Suppose 0 = -2*l - 4*b + 20, -4*b + 9 = -7. Suppose -f + l*f + 3*o = 67, 3*f - 161 = -o. List the prime factors of f.
2, 13
Let b(d) = -d**2 + 31*d + 14. Let x be b(-13). Let a = x + 898. List the prime factors of a.
2, 5, 17
Let n = 46258 + 10093. What are the prime factors of n?
37, 1523
Suppose -f - 8 = f, -5*z = 4*f - 57004. What are the prime factors of z?
2, 2851
Suppose 10*i - 10731 = 3*i. Suppose 8*r - i = 987. List the prime factors of r.
3, 5, 7
Let w be 2 + 0 + -4 + 82. Let r = -77 + w. Suppose r*l - 353 + 17 = 0. List the prime factors of l.
2, 7
Suppose 0 = 3*q + 3*l - 18, 6 = -15*q + 16*q - 4*l. List the prime factors of (235/(-141))/((-2)/q).
5
Let a(h) = 97*h**2 + 18*h + 19. Let m be a(-1). Let p = 352 - m. What are the prime factors of p?
2, 127
Let w(x) = 3479*x**2 + 21*x - 16. List the prime factors of w(2).
2, 6971
Let m(n) = -n. Let k(r) be the first derivative of -22*r**2 - 37*r - 38. Let u(y) = k(y) + 3*m(y). List